{"id":553,"date":"2024-10-21T13:55:22","date_gmt":"2024-10-21T11:55:22","guid":{"rendered":"https:\/\/wpprovis.com\/volcat-igualada\/la-cursa-volcat-igualada\/la-seu\/"},"modified":"2024-11-05T13:09:43","modified_gmt":"2024-11-05T11:09:43","slug":"la-seu","status":"publish","type":"page","link":"https:\/\/volcatbtt.com\/ca\/volcat-igualada\/la-cursa-volcat-igualada\/la-seu\/","title":{"rendered":"La seu"},"content":{"rendered":"<div class=\"wpb-content-wrapper\">[vc_row full_width=&#8221;stretch_row&#8221; content_placement=&#8221;bottom&#8221; typography_style=&#8221;white&#8221; css=&#8221;.vc_custom_1729511690738{background-image: url(https:\/\/volcatbtt.com\/wp-content\/uploads\/2024\/10\/top-volcat-igualada.jpg?id=182) !important;background-position: center !important;background-repeat: no-repeat !important;background-size: cover !important;}&#8221; min_height=&#8221;200px&#8221;][vc_column][vc_column_text]\n<h1>La seu<\/h1>\n[\/vc_column_text][\/vc_column][\/vc_row][vc_row][vc_column]<div class=\"templatera_shortcode\"><style type=\"text\/css\" data-type=\"vc_shortcodes-custom-css\">.vc_custom_1664969251085{padding-top: 20px !important;padding-bottom: 10px !important;background-color: #222222 !important;}<\/style><div class=\"vc_row wpb_row vc_row-fluid vc_custom_1664969251085 vc_row-o-content-middle vc_row-flex wpex-vc-full-width-row wpex-vc-full-width-row--centered wpex-relative wpex-vc_row-has-fill no-bottom-margins wpex-vc-reset-negative-margin typography-white\"><div class=\"wpb_column vc_column_container vc_col-sm-4\"><div class=\"vc_column-inner\"><div class=\"wpb_wrapper\">\n\t<div class=\"wpb_text_column wpb_content_element\" >\n\t\t<div class=\"wpb_wrapper\">\n\t\t\t<p><span style=\"font-size: 18px;\">3-4.04.2026<\/span><\/p>\n\n\t\t<\/div>\n\t<\/div>\n<\/div><\/div><\/div><div class=\"wpb_column vc_column_container vc_col-sm-8\"><div class=\"vc_column-inner\"><div class=\"wpb_wrapper\"><style>.vcex-countdown-wrap.vcex_69f5d7cad81ab{font-size:20px;}<\/style><div class=\"vcex-countdown-wrap vcex-module vcex_69f5d7cad81ab\"><div class=\"vcex-countdown vcex-countdown--inline\" data-countdown=\"2026-04-04 09:00\" data-days=\"d.\" data-hours=\"h.\" data-minutes=\"min.\" data-seconds=\"seg.\"><\/div><\/div><\/div><\/div><\/div><\/div><\/div>[\/vc_column][\/vc_row][vc_row full_width=&#8221;stretch_row&#8221; content_placement=&#8221;middle&#8221; column_spacing=&#8221;60&#8243; css=&#8221;.vc_custom_1729513513648{padding-bottom: 40px !important;}&#8221;][vc_column width=&#8221;1\/2&#8243;][vc_column_text]\n<h2>Igualada<\/h2>\n<p><span style=\"font-size: 16px;\">La VolCAT \u00e9s m\u00e9s que una cursa de BTT. Durant les etapes podr\u00e0s gaudir de senders enlla\u00e7ats que faran que el recorregut se&#8217;t passi volant. Una experi\u00e8ncia que heu de provar, tant tu com els vostres acompanyants, que podran viure la ciutat d&#8217;Igualada i la comarca d&#8217;Anoia, situada al centre de Catalunya.  <\/span><\/p>\n<p><span style=\"font-size: 16px;\">Uns tracks pensats per al corredor i la seva diversi\u00f3 m\u00e0xima, mentre pots observar llocs bonics de la zona que mai t&#8217;esperaries practicant el Mountain Bike, com s\u00f3n les singulars muntanyes de Montserrat, salts d&#8217;aigua&#8230;<\/span><\/p>\n<p><span style=\"font-size: 16px;\">A m\u00e9s, podr\u00e0s contemplar els paisatges gr\u00e0cies al bon temps que acostuma a fer acte de pres\u00e8ncia a les dates en qu\u00e8 se celebra l&#8217;esdeveniment.  <\/span>[\/vc_column_text][vc_column_text]\n<h3><span style=\"font-size: 21px; color: #aa1100;\"><strong>VIU UNA EXPERI\u00c8NCIA VITAL!<\/strong><\/span><\/h3>\n[\/vc_column_text][\/vc_column][vc_column width=&#8221;1\/2&#8243;][vc_single_image image=&#8221;98&#8243; css=&#8221;&#8221;][\/vc_column][\/vc_row][vc_row full_width=&#8221;stretch_row&#8221;][vc_column width=&#8221;1\/3&#8243;]<style>.vcex-icon-box.vcex_69f5d7cad8d65 .vcex-icon-box-heading{color:#aa1100;font-size:30px;}.vcex-icon-box.vcex_69f5d7cad8d65 .vcex-icon-box-icon{font-size:var(--vcex-icon-lg);color:#aa1100;}<\/style><div class=\"vcex-module vcex-icon-box vcex-icon-box-one wpex-flex wpex-text-left vc_custom_1665389572503 vcex_69f5d7cad8d65\"><div class=\"vcex-icon-box-symbol vcex-icon-box-symbol--icon wpex-flex-shrink-0 wpex-mr-20\"><a href=\"https:\/\/maps.google.com\/maps?ll=41.586093,1.626075&#038;z=17&#038;t=m&#038;hl=es&#038;gl=ES&#038;mapclient=embed&#038;cid=4509064342597204391\" class=\"wpex-no-underline\" target=\"_blank\" rel=\"nofollow noopener noreferrer\"><div class=\"vcex-icon-box-icon wpex-items-center wpex-justify-center wpex-child-inherit-color wpex-text-center wpex-leading-none wpex-flex wpex-text-1\"><span class=\"wpex-flex wpex-icon--w vc_li vc_li-location\" aria-hidden=\"true\"><\/span><\/div><\/a><\/div><div class=\"vcex-icon-box-text wpex-flex-grow\"><h2 class=\"vcex-icon-box-heading wpex-heading wpex-mb-10 wpex-child-inherit-color\"><a href=\"https:\/\/maps.google.com\/maps?ll=41.586093,1.626075&#038;z=17&#038;t=m&#038;hl=es&#038;gl=ES&#038;mapclient=embed&#038;cid=4509064342597204391\" class=\"vcex-icon-box-link wpex-no-underline\" target=\"_blank\" rel=\"nofollow noopener noreferrer\">Com arribar-hi?<\/a><\/h2><div class=\"vcex-icon-box-content wpex-last-mb-0 wpex-clr\"><p><a href=\"https:\/\/maps.google.com\/maps?ll=41.586093,1.626075&amp;z=17&amp;t=m&amp;hl=es&amp;gl=ES&amp;mapclient=embed&amp;cid=4509064342597204391\" target=\"_blank\" rel=\"noopener\"><span style=\"font-size: 16px\">Parc Central d&#8217;Igualada<\/span><\/a><br \/>\n 08700 Igualada, Barcelona<\/p>\n<\/div><\/div><\/div>[\/vc_column][vc_column width=&#8221;1\/3&#8243;][vc_column_text]\n<h4>DES DE BARCELONA<\/h4>\n<p> <span  style=\"color:000;font-size:16px;\" class=\"wpex-icon\" aria-hidden=\"true\"><svg xmlns=\"http:\/\/www.w3.org\/2000\/svg\" viewBox=\"0 0 512 512\"><path d=\"M135.2 117.4L109.1 192H402.9l-26.1-74.6C372.3 104.6 360.2 96 346.6 96H165.4c-13.6 0-25.7 8.6-30.2 21.4zM39.6 196.8L74.8 96.3C88.3 57.8 124.6 32 165.4 32H346.6c40.8 0 77.1 25.8 90.6 64.3l35.2 100.5c23.2 9.6 39.6 32.5 39.6 59.2V400v48c0 17.7-14.3 32-32 32H448c-17.7 0-32-14.3-32-32V400H96v48c0 17.7-14.3 32-32 32H32c-17.7 0-32-14.3-32-32V400 256c0-26.7 16.4-49.6 39.6-59.2zM128 288a32 32 0 1 0 -64 0 32 32 0 1 0 64 0zm288 32a32 32 0 1 0 0-64 32 32 0 1 0 0 64z\"\/><\/svg><\/span><span class=\"UdvAnf\"><span class=\"iQIYjb myy6W\">57 min<\/span> (66,2 km)<\/span> per A-2[\/vc_column_text][vc_column_text]\n<h4>DES DE TARRAGONA<\/h4>\n<p><span class=\"UdvAnf\"><span class=\"iQIYjb myy6W\"><span  style=\"color:000;font-size:16px;\" class=\"wpex-icon\" aria-hidden=\"true\"><svg xmlns=\"http:\/\/www.w3.org\/2000\/svg\" viewBox=\"0 0 512 512\"><path d=\"M135.2 117.4L109.1 192H402.9l-26.1-74.6C372.3 104.6 360.2 96 346.6 96H165.4c-13.6 0-25.7 8.6-30.2 21.4zM39.6 196.8L74.8 96.3C88.3 57.8 124.6 32 165.4 32H346.6c40.8 0 77.1 25.8 90.6 64.3l35.2 100.5c23.2 9.6 39.6 32.5 39.6 59.2V400v48c0 17.7-14.3 32-32 32H448c-17.7 0-32-14.3-32-32V400H96v48c0 17.7-14.3 32-32 32H32c-17.7 0-32-14.3-32-32V400 256c0-26.7 16.4-49.6 39.6-59.2zM128 288a32 32 0 1 0 -64 0 32 32 0 1 0 64 0zm288 32a32 32 0 1 0 0-64 32 32 0 1 0 0 64z\"\/><\/svg><\/span>  1 h 10 min (90,2 km) per C-15 i AP-7<\/span><\/span>[\/vc_column_text][\/vc_column][vc_column width=&#8221;1\/3&#8243;][vc_column_text]\n<h4>DES DE LLEIDA<\/h4>\n<p><span class=\"UdvAnf\"><span class=\"iQIYjb myy6W\"><span  style=\"color:000;font-size:16px;\" class=\"wpex-icon\" aria-hidden=\"true\"><svg xmlns=\"http:\/\/www.w3.org\/2000\/svg\" viewBox=\"0 0 512 512\"><path d=\"M135.2 117.4L109.1 192H402.9l-26.1-74.6C372.3 104.6 360.2 96 346.6 96H165.4c-13.6 0-25.7 8.6-30.2 21.4zM39.6 196.8L74.8 96.3C88.3 57.8 124.6 32 165.4 32H346.6c40.8 0 77.1 25.8 90.6 64.3l35.2 100.5c23.2 9.6 39.6 32.5 39.6 59.2V400v48c0 17.7-14.3 32-32 32H448c-17.7 0-32-14.3-32-32V400H96v48c0 17.7-14.3 32-32 32H32c-17.7 0-32-14.3-32-32V400 256c0-26.7 16.4-49.6 39.6-59.2zM128 288a32 32 0 1 0 -64 0 32 32 0 1 0 64 0zm288 32a32 32 0 1 0 0-64 32 32 0 1 0 0 64z\"\/><\/svg><\/span>  1 h 4 min (92,9 km) per A-2<\/span><\/span>[\/vc_column_text][vc_column_text]\n<h4>DES DE GIRONA<\/h4>\n<p><span class=\"UdvAnf\"><span class=\"iQIYjb myy6W\"><span  style=\"color:000;font-size:16px;\" class=\"wpex-icon\" aria-hidden=\"true\"><svg xmlns=\"http:\/\/www.w3.org\/2000\/svg\" viewBox=\"0 0 512 512\"><path d=\"M135.2 117.4L109.1 192H402.9l-26.1-74.6C372.3 104.6 360.2 96 346.6 96H165.4c-13.6 0-25.7 8.6-30.2 21.4zM39.6 196.8L74.8 96.3C88.3 57.8 124.6 32 165.4 32H346.6c40.8 0 77.1 25.8 90.6 64.3l35.2 100.5c23.2 9.6 39.6 32.5 39.6 59.2V400v48c0 17.7-14.3 32-32 32H448c-17.7 0-32-14.3-32-32V400H96v48c0 17.7-14.3 32-32 32H32c-17.7 0-32-14.3-32-32V400 256c0-26.7 16.4-49.6 39.6-59.2zM128 288a32 32 0 1 0 -64 0 32 32 0 1 0 64 0zm288 32a32 32 0 1 0 0-64 32 32 0 1 0 0 64z\"\/><\/svg><\/span>  1 h 38 min (147,2 km) per A-2 i AP-7<\/span><\/span>[\/vc_column_text][\/vc_column][\/vc_row]\n<\/div>","protected":false},"excerpt":{"rendered":"La seu 3-4.04.2026 Igualada La VolCAT \u00e9s m\u00e9s que una cursa de BTT. Durant les etapes podr\u00e0s gaudir de senders enlla\u00e7ats que faran que el recorregut se't passi volant. Una experi\u00e8ncia que heu de provar, tant tu com els vostres acompanyants, que podran viure la ciutat d'Igualada i la comarca d'Anoia, situada al centre de&hellip;","protected":false},"author":2,"featured_media":0,"parent":454,"menu_order":0,"comment_status":"closed","ping_status":"closed","template":"","meta":{"footnotes":""},"class_list":["post-553","page","type-page","status-publish","hentry","entry","no-media"],"_links":{"self":[{"href":"https:\/\/volcatbtt.com\/ca\/wp-json\/wp\/v2\/pages\/553","targetHints":{"allow":["GET"]}}],"collection":[{"href":"https:\/\/volcatbtt.com\/ca\/wp-json\/wp\/v2\/pages"}],"about":[{"href":"https:\/\/volcatbtt.com\/ca\/wp-json\/wp\/v2\/types\/page"}],"author":[{"embeddable":true,"href":"https:\/\/volcatbtt.com\/ca\/wp-json\/wp\/v2\/users\/2"}],"replies":[{"embeddable":true,"href":"https:\/\/volcatbtt.com\/ca\/wp-json\/wp\/v2\/comments?post=553"}],"version-history":[{"count":11,"href":"https:\/\/volcatbtt.com\/ca\/wp-json\/wp\/v2\/pages\/553\/revisions"}],"predecessor-version":[{"id":593,"href":"https:\/\/volcatbtt.com\/ca\/wp-json\/wp\/v2\/pages\/553\/revisions\/593"}],"up":[{"embeddable":true,"href":"https:\/\/volcatbtt.com\/ca\/wp-json\/wp\/v2\/pages\/454"}],"wp:attachment":[{"href":"https:\/\/volcatbtt.com\/ca\/wp-json\/wp\/v2\/media?parent=553"}],"curies":[{"name":"wp","href":"https:\/\/api.w.org\/{rel}","templated":true}]}}

<div class="wpb-content-wrapper">[vc_row full_width=&#8221;stretch_row&#8221; content_placement=&#8221;bottom&#8221; typography_style=&#8221;white&#8221; css=&#8221;.vc_custom_1729511690738{background-image: url(https://volcatbtt.com/wp-content/uploads/2024/10/top-volcat-igualada.jpg?id=182) !important;background-position: center !important;background-repeat: no-repeat !important;background-size: cover !important;}&#8221; min_height=&#8221;200px&#8221;][vc_column][vc_column_text]
<h1>La seu</h1>
[/vc_column_text][/vc_column][/vc_row][vc_row][vc_column]<div class="templatera_shortcode"><style type="text/css" data-type="vc_shortcodes-custom-css">.vc_custom_1664969251085{padding-top: 20px !important;padding-bottom: 10px !important;background-color: #222222 !important;}</style><div class="vc_row wpb_row vc_row-fluid vc_custom_1664969251085 vc_row-o-content-middle vc_row-flex wpex-vc-full-width-row wpex-vc-full-width-row--centered wpex-relative wpex-vc_row-has-fill no-bottom-margins wpex-vc-reset-negative-margin typography-white"><div class="wpb_column vc_column_container vc_col-sm-4"><div class="vc_column-inner"><div class="wpb_wrapper">
	<div class="wpb_text_column wpb_content_element" >
		<div class="wpb_wrapper">
			<p><span style="font-size: 18px;">3-4.04.2026</span></p>

		</div>
	</div>
</div></div></div><div class="wpb_column vc_column_container vc_col-sm-8"><div class="vc_column-inner"><div class="wpb_wrapper"><style>.vcex-countdown-wrap.vcex_69f5d7cad81ab{font-size:20px;}</style><div class="vcex-countdown-wrap vcex-module vcex_69f5d7cad81ab"><div class="vcex-countdown vcex-countdown--inline" data-countdown="2026-04-04 09:00" data-days="d." data-hours="h." data-minutes="min." data-seconds="seg."></div></div></div></div></div></div></div>[/vc_column][/vc_row][vc_row full_width=&#8221;stretch_row&#8221; content_placement=&#8221;middle&#8221; column_spacing=&#8221;60&#8243; css=&#8221;.vc_custom_1729513513648{padding-bottom: 40px !important;}&#8221;][vc_column width=&#8221;1/2&#8243;][vc_column_text]
<h2>Igualada</h2>
<p><span style="font-size: 16px;">La VolCAT és més que una cursa de BTT. Durant les etapes podràs gaudir de senders enllaçats que faran que el recorregut se&#8217;t passi volant. Una experiència que heu de provar, tant tu com els vostres acompanyants, que podran viure la ciutat d&#8217;Igualada i la comarca d&#8217;Anoia, situada al centre de Catalunya.  </span></p>
<p><span style="font-size: 16px;">Uns tracks pensats per al corredor i la seva diversió màxima, mentre pots observar llocs bonics de la zona que mai t&#8217;esperaries practicant el Mountain Bike, com són les singulars muntanyes de Montserrat, salts d&#8217;aigua&#8230;</span></p>
<p><span style="font-size: 16px;">A més, podràs contemplar els paisatges gràcies al bon temps que acostuma a fer acte de presència a les dates en què se celebra l&#8217;esdeveniment.  </span>[/vc_column_text][vc_column_text]
<h3><span style="font-size: 21px; color: #aa1100;"><strong>VIU UNA EXPERIÈNCIA VITAL!</strong></span></h3>
[/vc_column_text][/vc_column][vc_column width=&#8221;1/2&#8243;][vc_single_image image=&#8221;98&#8243; css=&#8221;&#8221;][/vc_column][/vc_row][vc_row full_width=&#8221;stretch_row&#8221;][vc_column width=&#8221;1/3&#8243;]<style>.vcex-icon-box.vcex_69f5d7cad8d65 .vcex-icon-box-heading{color:#aa1100;font-size:30px;}.vcex-icon-box.vcex_69f5d7cad8d65 .vcex-icon-box-icon{font-size:var(--vcex-icon-lg);color:#aa1100;}</style><div class="vcex-module vcex-icon-box vcex-icon-box-one wpex-flex wpex-text-left vc_custom_1665389572503 vcex_69f5d7cad8d65"><div class="vcex-icon-box-symbol vcex-icon-box-symbol--icon wpex-flex-shrink-0 wpex-mr-20"><a href="https://maps.google.com/maps?ll=41.586093,1.626075&#038;z=17&#038;t=m&#038;hl=es&#038;gl=ES&#038;mapclient=embed&#038;cid=4509064342597204391" class="wpex-no-underline" target="_blank" rel="nofollow noopener noreferrer"><div class="vcex-icon-box-icon wpex-items-center wpex-justify-center wpex-child-inherit-color wpex-text-center wpex-leading-none wpex-flex wpex-text-1"><span class="wpex-flex wpex-icon--w vc_li vc_li-location" aria-hidden="true"></span></div></a></div><div class="vcex-icon-box-text wpex-flex-grow"><h2 class="vcex-icon-box-heading wpex-heading wpex-mb-10 wpex-child-inherit-color"><a href="https://maps.google.com/maps?ll=41.586093,1.626075&#038;z=17&#038;t=m&#038;hl=es&#038;gl=ES&#038;mapclient=embed&#038;cid=4509064342597204391" class="vcex-icon-box-link wpex-no-underline" target="_blank" rel="nofollow noopener noreferrer">Com arribar-hi?</a></h2><div class="vcex-icon-box-content wpex-last-mb-0 wpex-clr"><p><a href="https://maps.google.com/maps?ll=41.586093,1.626075&amp;z=17&amp;t=m&amp;hl=es&amp;gl=ES&amp;mapclient=embed&amp;cid=4509064342597204391" target="_blank" rel="noopener"><span style="font-size: 16px">Parc Central d&#8217;Igualada</span></a><br />
 08700 Igualada, Barcelona</p>
</div></div></div>[/vc_column][vc_column width=&#8221;1/3&#8243;][vc_column_text]
<h4>DES DE BARCELONA</h4>
<p> <span  style="color:000;font-size:16px;" class="wpex-icon" aria-hidden="true"><svg xmlns="http://www.w3.org/2000/svg" viewBox="0 0 512 512"><path d="M135.2 117.4L109.1 192H402.9l-26.1-74.6C372.3 104.6 360.2 96 346.6 96H165.4c-13.6 0-25.7 8.6-30.2 21.4zM39.6 196.8L74.8 96.3C88.3 57.8 124.6 32 165.4 32H346.6c40.8 0 77.1 25.8 90.6 64.3l35.2 100.5c23.2 9.6 39.6 32.5 39.6 59.2V400v48c0 17.7-14.3 32-32 32H448c-17.7 0-32-14.3-32-32V400H96v48c0 17.7-14.3 32-32 32H32c-17.7 0-32-14.3-32-32V400 256c0-26.7 16.4-49.6 39.6-59.2zM128 288a32 32 0 1 0 -64 0 32 32 0 1 0 64 0zm288 32a32 32 0 1 0 0-64 32 32 0 1 0 0 64z"/></svg></span><span class="UdvAnf"><span class="iQIYjb myy6W">57 min</span> (66,2 km)</span> per A-2[/vc_column_text][vc_column_text]
<h4>DES DE TARRAGONA</h4>
<p><span class="UdvAnf"><span class="iQIYjb myy6W"><span  style="color:000;font-size:16px;" class="wpex-icon" aria-hidden="true"><svg xmlns="http://www.w3.org/2000/svg" viewBox="0 0 512 512"><path d="M135.2 117.4L109.1 192H402.9l-26.1-74.6C372.3 104.6 360.2 96 346.6 96H165.4c-13.6 0-25.7 8.6-30.2 21.4zM39.6 196.8L74.8 96.3C88.3 57.8 124.6 32 165.4 32H346.6c40.8 0 77.1 25.8 90.6 64.3l35.2 100.5c23.2 9.6 39.6 32.5 39.6 59.2V400v48c0 17.7-14.3 32-32 32H448c-17.7 0-32-14.3-32-32V400H96v48c0 17.7-14.3 32-32 32H32c-17.7 0-32-14.3-32-32V400 256c0-26.7 16.4-49.6 39.6-59.2zM128 288a32 32 0 1 0 -64 0 32 32 0 1 0 64 0zm288 32a32 32 0 1 0 0-64 32 32 0 1 0 0 64z"/></svg></span>  1 h 10 min (90,2 km) per C-15 i AP-7</span></span>[/vc_column_text][/vc_column][vc_column width=&#8221;1/3&#8243;][vc_column_text]
<h4>DES DE LLEIDA</h4>
<p><span class="UdvAnf"><span class="iQIYjb myy6W"><span  style="color:000;font-size:16px;" class="wpex-icon" aria-hidden="true"><svg xmlns="http://www.w3.org/2000/svg" viewBox="0 0 512 512"><path d="M135.2 117.4L109.1 192H402.9l-26.1-74.6C372.3 104.6 360.2 96 346.6 96H165.4c-13.6 0-25.7 8.6-30.2 21.4zM39.6 196.8L74.8 96.3C88.3 57.8 124.6 32 165.4 32H346.6c40.8 0 77.1 25.8 90.6 64.3l35.2 100.5c23.2 9.6 39.6 32.5 39.6 59.2V400v48c0 17.7-14.3 32-32 32H448c-17.7 0-32-14.3-32-32V400H96v48c0 17.7-14.3 32-32 32H32c-17.7 0-32-14.3-32-32V400 256c0-26.7 16.4-49.6 39.6-59.2zM128 288a32 32 0 1 0 -64 0 32 32 0 1 0 64 0zm288 32a32 32 0 1 0 0-64 32 32 0 1 0 0 64z"/></svg></span>  1 h 4 min (92,9 km) per A-2</span></span>[/vc_column_text][vc_column_text]
<h4>DES DE GIRONA</h4>
<p><span class="UdvAnf"><span class="iQIYjb myy6W"><span  style="color:000;font-size:16px;" class="wpex-icon" aria-hidden="true"><svg xmlns="http://www.w3.org/2000/svg" viewBox="0 0 512 512"><path d="M135.2 117.4L109.1 192H402.9l-26.1-74.6C372.3 104.6 360.2 96 346.6 96H165.4c-13.6 0-25.7 8.6-30.2 21.4zM39.6 196.8L74.8 96.3C88.3 57.8 124.6 32 165.4 32H346.6c40.8 0 77.1 25.8 90.6 64.3l35.2 100.5c23.2 9.6 39.6 32.5 39.6 59.2V400v48c0 17.7-14.3 32-32 32H448c-17.7 0-32-14.3-32-32V400H96v48c0 17.7-14.3 32-32 32H32c-17.7 0-32-14.3-32-32V400 256c0-26.7 16.4-49.6 39.6-59.2zM128 288a32 32 0 1 0 -64 0 32 32 0 1 0 64 0zm288 32a32 32 0 1 0 0-64 32 32 0 1 0 0 64z"/></svg></span>  1 h 38 min (147,2 km) per A-2 i AP-7</span></span>[/vc_column_text][/vc_column][/vc_row]
</div>

La seu 3-4.04.2026 Igualada La VolCAT és més que una cursa de BTT. Durant les etapes podràs gaudir de senders enllaçats que faran que el recorregut se't passi volant. Una experiència que heu de provar, tant tu com els vostres acompanyants, que podran viure la ciutat d'Igualada i la comarca d'Anoia, situada al centre de&hellip;
