{"id":461,"date":"2024-10-17T11:00:54","date_gmt":"2024-10-17T09:00:54","guid":{"rendered":"https:\/\/wpprovis.com\/volcat-igualada\/programme-volcat-igualada\/"},"modified":"2026-03-25T15:08:59","modified_gmt":"2026-03-25T13:08:59","slug":"programme-volcat-igualada","status":"publish","type":"page","link":"https:\/\/volcatbtt.com\/fr\/volcat-igualada\/programme-volcat-igualada\/","title":{"rendered":"Programme Volcat Igualada"},"content":{"rendered":"<div class=\"wpb-content-wrapper\">[vc_row full_width=\u00a0\u00bbstretch_row\u00a0\u00bb content_placement=\u00a0\u00bbbottom\u00a0\u00bb typography_style=\u00a0\u00bbwhite\u00a0\u00bb css=\u00a0\u00bb.vc_custom_1736331096204{background-image: url(https:\/\/volcatbtt.com\/wp-content\/uploads\/2024\/10\/2024-03-30-volcat-igualada-xxss-premsa-foto-francesc-llado-003-R.jpg?id=366) !important;background-position: center !important;background-repeat: no-repeat !important;background-size: cover !important;}\u00a0\u00bb min_height=\u00a0\u00bb200px\u00a0\u00bb][vc_column][vc_column_text]\n<h1>Programme<\/h1>\n[\/vc_column_text][\/vc_column][\/vc_row][vc_row][vc_column]<div class=\"templatera_shortcode\"><style type=\"text\/css\" data-type=\"vc_shortcodes-custom-css\">.vc_custom_1664969251085{padding-top: 20px !important;padding-bottom: 10px !important;background-color: #222222 !important;}<\/style><div class=\"vc_row wpb_row vc_row-fluid vc_custom_1664969251085 vc_row-o-content-middle vc_row-flex wpex-vc-full-width-row wpex-vc-full-width-row--centered wpex-relative wpex-vc_row-has-fill no-bottom-margins wpex-vc-reset-negative-margin typography-white\"><div class=\"wpb_column vc_column_container vc_col-sm-4\"><div class=\"vc_column-inner\"><div class=\"wpb_wrapper\">\n\t<div class=\"wpb_text_column wpb_content_element\" >\n\t\t<div class=\"wpb_wrapper\">\n\t\t\t<p><span style=\"font-size: 18px;\">3-4.04.2026<\/span><\/p>\n\n\t\t<\/div>\n\t<\/div>\n<\/div><\/div><\/div><div class=\"wpb_column vc_column_container vc_col-sm-8\"><div class=\"vc_column-inner\"><div class=\"wpb_wrapper\"><style>.vcex-countdown-wrap.vcex_69efb42b8435e{font-size:20px;}<\/style><div class=\"vcex-countdown-wrap vcex-module vcex_69efb42b8435e\"><div class=\"vcex-countdown vcex-countdown--inline\" data-countdown=\"2026-04-04 09:00\" data-days=\"d.\" data-hours=\"h.\" data-minutes=\"min.\" data-seconds=\"seg.\"><\/div><\/div><\/div><\/div><\/div><\/div><\/div>[\/vc_column][\/vc_row][vc_row][vc_column][vc_column_text css=\u00a0\u00bb\u00a0\u00bb]<span style=\"font-size: 16px;\"><strong>*Programme sujet \u00e0 changement*<\/strong><\/span>[\/vc_column_text][\/vc_column][\/vc_row][vc_row][vc_column width=\u00a0\u00bb1\/3&Prime;][vc_column_text css=\u00a0\u00bb\u00a0\u00bb color=\u00a0\u00bb#000000&Prime;]\n<h3><strong>JEUDI 2 AVRIL<\/strong><\/h3>\n<p class=\"p1\"><span style=\"color: #000000;\"><strong>A partir de 10.00h <\/strong>ouverture du paddock et du camping<strong><br \/>\n12.00h &#8211; 19.00h<\/strong> Remise des dossards<\/span><\/p>\n[\/vc_column_text][\/vc_column][vc_column width=\u00a0\u00bb1\/3&Prime;][vc_column_text css=\u00a0\u00bb\u00a0\u00bb color=\u00a0\u00bb#000000&Prime;]\n<h3><strong>VENDREDI 3 AVRIL<\/strong><\/h3>\n<p><span style=\"color: #000000;\"><strong>08.00h <\/strong>Ouverture du bureau de course &#8211; Remise des dossards<br \/>\n<strong>10.00h<\/strong> D\u00e9part de la 1\u00e8re \u00e9tape Volcat BTT (Scott Marathon Igualada)<br \/>\n<strong>13.30h<\/strong> Remise des prix<br \/>\n<strong>16.00h<\/strong> Remise des prix<br \/>\n<\/span>[\/vc_column_text][\/vc_column][vc_column width=\u00a0\u00bb1\/3&Prime;][vc_column_text css=\u00a0\u00bb\u00a0\u00bb color=\u00a0\u00bb#000000&Prime;]\n<h3><strong>SAMEDI 4 AVRIL<\/strong><\/h3>\n<p><span style=\"color: #000000;\"><strong>7.30h <\/strong><\/span>Ouverture du bureau de course &#8211; Remise des dossards<br \/>\n<span style=\"color: #000000;\"><strong>8.30h<\/strong> D\u00e9part Gravel Ride Igualada<strong><br \/>\n9.00h<\/strong><\/span> D\u00e9part de la 2\u00e8me \u00e9tape Volcat BTT (Scott Marathon Igualada)<br \/>\n<span style=\"color: #000000;\"><strong>9.15h<\/strong><\/span> D\u00e9part Ebike<br \/>\n<span style=\"color: #000000;\"><strong>13.30h<\/strong><\/span> Remise des prix 2\u00e8me \u00e9tape<br \/>\n<span style=\"color: #000000;\"><strong>13.45h<\/strong><\/span> Remise des prix g\u00e9n\u00e9ral<br \/>\n<span style=\"color: #000000;\"><strong>18.00h<\/strong><\/span> Fermeture du paddock et du camping[\/vc_column_text][vc_column_text css=\u00a0\u00bb\u00a0\u00bb color=\u00a0\u00bb#000000&Prime; visibility=\u00a0\u00bbhidden\u00a0\u00bb]\n<h3><strong>SAMEDI 30 MARS<\/strong><\/h3>\n<p><span style=\"color: #000000;\"><strong>07.00h<\/strong><\/span> &#8211; Remise des dossards <span style=\"color: #000000;\"><strong>10.00h<\/strong><\/span> &#8211; D\u00e9part de la 1\u00e8re \u00e9tape <span style=\"color: #000000;\"><strong>13.30h<\/strong><\/span> &#8211; Remise des prix de la 1\u00e8re \u00e9tape <span style=\"color: #000000;\"><strong>16.00h<\/strong><\/span> &#8211; Volcat Kids <span style=\"color: #000000;\"><strong>16:00h &#8211; 18:00h<\/strong><\/span> Remise des dossards et confirmation de participation Pump Track Catalan Cup (Pr\u00e9-benjamins \u00e0 Alevines) <span style=\"color: #000000;\"><strong>16.30h<\/strong><\/span> &#8211; Remise du cadeau et du go\u00fbter pour les participants \u00e0 la Volcat Kids. <span style=\"color: #000000;\"><strong>18:00h &#8211; 18:15h<\/strong><\/span> Entra\u00eenements officiels (Pr\u00e9-benjamins \u00e0 Alevins)<\/p>\n<p><span style=\"color: #000000;\"><strong>18:00h &#8211; 19:15h<\/strong><\/span> Remise des dossards et confirmation de la participation \u00e0 la Pump Track Catalan Cup (Enfants \u00e0 Masters) <span style=\"color: #000000;\"><strong>18:15h &#8211; 19:15h<\/strong><\/span> 2 tours de qualification (Pr\u00e9-benjamins \u00e0 Alevines) <span style=\"color: #000000;\"><strong>19:15h &#8211; 19:30h<\/strong><\/span> Entra\u00eenements officiels (Infantiles \u00e0 Masters) <span style=\"color: #000000;\"><strong>19:15h &#8211; 19:30h<\/strong><\/span> C\u00e9r\u00e9monie de remise des prix MiniPumptrack Kids <span style=\"color: #000000;\"><strong>19:30h &#8211; 20:45h<\/strong><\/span> 3 manches de qualification (Enfants \u00e0 Masters) <span style=\"color: #000000;\"><strong>20:45h &#8211; 21:00h<\/strong><\/span> Exposition de freestyle <span style=\"color: #000000;\"><strong>21:00h<\/strong><\/span> C\u00e9r\u00e9monie de remise des prix (Enfants \u00e0 Masters)[\/vc_column_text][\/vc_column][\/vc_row][vc_row full_width=\u00a0\u00bbstretch_row\u00a0\u00bb remove_bottom_col_margin=\u00a0\u00bbtrue\u00a0\u00bb typography_style=\u00a0\u00bbblack\u00a0\u00bb wpex_bg_overlay=\u00a0\u00bbdark\u00a0\u00bb css=\u00a0\u00bb.vc_custom_1729155651067{padding-top: 10% !important;padding-bottom: 10% !important;background-image: url(https:\/\/volcatbtt.com\/wp-content\/uploads\/2024\/10\/scott-volcat-igualada.jpeg?id=166) !important;background-position: center !important;background-repeat: no-repeat !important;background-size: cover !important;}\u00a0\u00bb wpex_bg_overlay_color=\u00a0\u00bb#000000&Prime;][vc_column width=\u00a0\u00bb2\/3&Prime;]<style>.vcex-heading.vcex_69efb42b84b1b{color:rgba(255,255,255,0.6);font-size:.9em;font-weight:600;text-transform:uppercase;letter-spacing:1px;}<\/style><div class=\"vcex-heading vcex-heading-plain vcex-module wpex-heading wpex-text-2xl vcex_69efb42b84b1b\"><span class=\"vcex-heading-inner wpex-inline-block\">UN D\u00c9FI<\/span><\/div><div class=\"vcex-spacing wpex-w-100 wpex-clear\" style=\"height:10px;\"><\/div><style>.vcex-heading.vcex_69efb42b8512c{color:#ffffff;font-size:35px;font-weight:700;}@media (max-width:767px){.vcex-heading.vcex_69efb42b8512c{font-size:30px;}}<\/style><h2 class=\"vcex-heading vcex-heading-plain vcex-module wpex-heading wpex-text-2xl vcex_69efb42b8512c\"><span class=\"vcex-heading-inner wpex-inline-block\">VOLCAT UCI<\/span><\/h2><div class=\"vcex-spacing wpex-w-100 wpex-clear\" style=\"height:20px;\"><\/div>[vc_column_text color=\u00a0\u00bb#ffffff\u00a0\u00bb]<span style=\"font-size: 16px;\">Une course UCI qui attribue des points pour le classement mondial, ce qui la rend tr\u00e8s attrayante pour les meilleurs coureurs et \u00e9quipes professionnels du monde et en m\u00eame temps un d\u00e9fi pour les amateurs qui d\u00e9cident d&rsquo;y participer.<\/span>[\/vc_column_text]<div class=\"vcex-spacing wpex-w-100 wpex-clear\"><\/div>[\/vc_column][vc_column width=\u00a0\u00bb1\/3&Prime;]<div class=\"vcex-spacing wpex-w-100 wpex-clear\" style=\"height:20px;\"><\/div><figure class=\"vcex-image vcex-module\"><div class=\"vcex-image-inner wpex-relative wpex-inline-block\"><img width=\"942\" height=\"215\" src=\"https:\/\/volcatbtt.com\/wp-content\/uploads\/2026\/03\/uci-volcat-igualada.png\" class=\"vcex-image-img wpex-align-middle\" alt=\"\" loading=\"lazy\" decoding=\"async\" srcset=\"https:\/\/volcatbtt.com\/wp-content\/uploads\/2026\/03\/uci-volcat-igualada.png 942w, https:\/\/volcatbtt.com\/wp-content\/uploads\/2026\/03\/uci-volcat-igualada-300x68.png 300w, https:\/\/volcatbtt.com\/wp-content\/uploads\/2026\/03\/uci-volcat-igualada-768x175.png 768w\" sizes=\"auto, (max-width: 942px) 100vw, 942px\" \/><\/div><\/figure>[\/vc_column][\/vc_row]\n<\/div>","protected":false},"excerpt":{"rendered":"Programme 3-4.04.2026 *Programme sujet \u00e0 changement* JEUDI 2 AVRIL A partir de 10.00h ouverture du paddock et du camping 12.00h - 19.00h Remise des dossards VENDREDI 3 AVRIL 08.00h Ouverture du bureau de course - Remise des dossards 10.00h D\u00e9part de la 1\u00e8re \u00e9tape Volcat BTT (Scott Marathon Igualada) 13.30h Remise des prix 16.00h Remise&hellip;","protected":false},"author":2,"featured_media":0,"parent":427,"menu_order":0,"comment_status":"closed","ping_status":"closed","template":"","meta":{"footnotes":""},"class_list":["post-461","page","type-page","status-publish","hentry","entry","no-media"],"_links":{"self":[{"href":"https:\/\/volcatbtt.com\/fr\/wp-json\/wp\/v2\/pages\/461","targetHints":{"allow":["GET"]}}],"collection":[{"href":"https:\/\/volcatbtt.com\/fr\/wp-json\/wp\/v2\/pages"}],"about":[{"href":"https:\/\/volcatbtt.com\/fr\/wp-json\/wp\/v2\/types\/page"}],"author":[{"embeddable":true,"href":"https:\/\/volcatbtt.com\/fr\/wp-json\/wp\/v2\/users\/2"}],"replies":[{"embeddable":true,"href":"https:\/\/volcatbtt.com\/fr\/wp-json\/wp\/v2\/comments?post=461"}],"version-history":[{"count":22,"href":"https:\/\/volcatbtt.com\/fr\/wp-json\/wp\/v2\/pages\/461\/revisions"}],"predecessor-version":[{"id":12599,"href":"https:\/\/volcatbtt.com\/fr\/wp-json\/wp\/v2\/pages\/461\/revisions\/12599"}],"up":[{"embeddable":true,"href":"https:\/\/volcatbtt.com\/fr\/wp-json\/wp\/v2\/pages\/427"}],"wp:attachment":[{"href":"https:\/\/volcatbtt.com\/fr\/wp-json\/wp\/v2\/media?parent=461"}],"curies":[{"name":"wp","href":"https:\/\/api.w.org\/{rel}","templated":true}]}}

<div class="wpb-content-wrapper">[vc_row full_width= »stretch_row » content_placement= »bottom » typography_style= »white » css= ».vc_custom_1736331096204{background-image: url(https://volcatbtt.com/wp-content/uploads/2024/10/2024-03-30-volcat-igualada-xxss-premsa-foto-francesc-llado-003-R.jpg?id=366) !important;background-position: center !important;background-repeat: no-repeat !important;background-size: cover !important;} » min_height= »200px »][vc_column][vc_column_text]
<h1>Programme</h1>
[/vc_column_text][/vc_column][/vc_row][vc_row][vc_column]<div class="templatera_shortcode"><style type="text/css" data-type="vc_shortcodes-custom-css">.vc_custom_1664969251085{padding-top: 20px !important;padding-bottom: 10px !important;background-color: #222222 !important;}</style><div class="vc_row wpb_row vc_row-fluid vc_custom_1664969251085 vc_row-o-content-middle vc_row-flex wpex-vc-full-width-row wpex-vc-full-width-row--centered wpex-relative wpex-vc_row-has-fill no-bottom-margins wpex-vc-reset-negative-margin typography-white"><div class="wpb_column vc_column_container vc_col-sm-4"><div class="vc_column-inner"><div class="wpb_wrapper">
	<div class="wpb_text_column wpb_content_element" >
		<div class="wpb_wrapper">
			<p><span style="font-size: 18px;">3-4.04.2026</span></p>

		</div>
	</div>
</div></div></div><div class="wpb_column vc_column_container vc_col-sm-8"><div class="vc_column-inner"><div class="wpb_wrapper"><style>.vcex-countdown-wrap.vcex_69efb42b8435e{font-size:20px;}</style><div class="vcex-countdown-wrap vcex-module vcex_69efb42b8435e"><div class="vcex-countdown vcex-countdown--inline" data-countdown="2026-04-04 09:00" data-days="d." data-hours="h." data-minutes="min." data-seconds="seg."></div></div></div></div></div></div></div>[/vc_column][/vc_row][vc_row][vc_column][vc_column_text css= » »]<span style="font-size: 16px;"><strong>*Programme sujet à changement*</strong></span>[/vc_column_text][/vc_column][/vc_row][vc_row][vc_column width= »1/3&Prime;][vc_column_text css= » » color= »#000000&Prime;]
<h3><strong>JEUDI 2 AVRIL</strong></h3>
<p class="p1"><span style="color: #000000;"><strong>A partir de 10.00h </strong>ouverture du paddock et du camping<strong><br />
12.00h &#8211; 19.00h</strong> Remise des dossards</span></p>
[/vc_column_text][/vc_column][vc_column width= »1/3&Prime;][vc_column_text css= » » color= »#000000&Prime;]
<h3><strong>VENDREDI 3 AVRIL</strong></h3>
<p><span style="color: #000000;"><strong>08.00h </strong>Ouverture du bureau de course &#8211; Remise des dossards<br />
<strong>10.00h</strong> Départ de la 1ère étape Volcat BTT (Scott Marathon Igualada)<br />
<strong>13.30h</strong> Remise des prix<br />
<strong>16.00h</strong> Remise des prix<br />
</span>[/vc_column_text][/vc_column][vc_column width= »1/3&Prime;][vc_column_text css= » » color= »#000000&Prime;]
<h3><strong>SAMEDI 4 AVRIL</strong></h3>
<p><span style="color: #000000;"><strong>7.30h </strong></span>Ouverture du bureau de course &#8211; Remise des dossards<br />
<span style="color: #000000;"><strong>8.30h</strong> Départ Gravel Ride Igualada<strong><br />
9.00h</strong></span> Départ de la 2ème étape Volcat BTT (Scott Marathon Igualada)<br />
<span style="color: #000000;"><strong>9.15h</strong></span> Départ Ebike<br />
<span style="color: #000000;"><strong>13.30h</strong></span> Remise des prix 2ème étape<br />
<span style="color: #000000;"><strong>13.45h</strong></span> Remise des prix général<br />
<span style="color: #000000;"><strong>18.00h</strong></span> Fermeture du paddock et du camping[/vc_column_text][vc_column_text css= » » color= »#000000&Prime; visibility= »hidden »]
<h3><strong>SAMEDI 30 MARS</strong></h3>
<p><span style="color: #000000;"><strong>07.00h</strong></span> &#8211; Remise des dossards <span style="color: #000000;"><strong>10.00h</strong></span> &#8211; Départ de la 1ère étape <span style="color: #000000;"><strong>13.30h</strong></span> &#8211; Remise des prix de la 1ère étape <span style="color: #000000;"><strong>16.00h</strong></span> &#8211; Volcat Kids <span style="color: #000000;"><strong>16:00h &#8211; 18:00h</strong></span> Remise des dossards et confirmation de participation Pump Track Catalan Cup (Pré-benjamins à Alevines) <span style="color: #000000;"><strong>16.30h</strong></span> &#8211; Remise du cadeau et du goûter pour les participants à la Volcat Kids. <span style="color: #000000;"><strong>18:00h &#8211; 18:15h</strong></span> Entraînements officiels (Pré-benjamins à Alevins)</p>
<p><span style="color: #000000;"><strong>18:00h &#8211; 19:15h</strong></span> Remise des dossards et confirmation de la participation à la Pump Track Catalan Cup (Enfants à Masters) <span style="color: #000000;"><strong>18:15h &#8211; 19:15h</strong></span> 2 tours de qualification (Pré-benjamins à Alevines) <span style="color: #000000;"><strong>19:15h &#8211; 19:30h</strong></span> Entraînements officiels (Infantiles à Masters) <span style="color: #000000;"><strong>19:15h &#8211; 19:30h</strong></span> Cérémonie de remise des prix MiniPumptrack Kids <span style="color: #000000;"><strong>19:30h &#8211; 20:45h</strong></span> 3 manches de qualification (Enfants à Masters) <span style="color: #000000;"><strong>20:45h &#8211; 21:00h</strong></span> Exposition de freestyle <span style="color: #000000;"><strong>21:00h</strong></span> Cérémonie de remise des prix (Enfants à Masters)[/vc_column_text][/vc_column][/vc_row][vc_row full_width= »stretch_row » remove_bottom_col_margin= »true » typography_style= »black » wpex_bg_overlay= »dark » css= ».vc_custom_1729155651067{padding-top: 10% !important;padding-bottom: 10% !important;background-image: url(https://volcatbtt.com/wp-content/uploads/2024/10/scott-volcat-igualada.jpeg?id=166) !important;background-position: center !important;background-repeat: no-repeat !important;background-size: cover !important;} » wpex_bg_overlay_color= »#000000&Prime;][vc_column width= »2/3&Prime;]<style>.vcex-heading.vcex_69efb42b84b1b{color:rgba(255,255,255,0.6);font-size:.9em;font-weight:600;text-transform:uppercase;letter-spacing:1px;}</style><div class="vcex-heading vcex-heading-plain vcex-module wpex-heading wpex-text-2xl vcex_69efb42b84b1b"><span class="vcex-heading-inner wpex-inline-block">UN DÉFI</span></div><div class="vcex-spacing wpex-w-100 wpex-clear" style="height:10px;"></div><style>.vcex-heading.vcex_69efb42b8512c{color:#ffffff;font-size:35px;font-weight:700;}@media (max-width:767px){.vcex-heading.vcex_69efb42b8512c{font-size:30px;}}</style><h2 class="vcex-heading vcex-heading-plain vcex-module wpex-heading wpex-text-2xl vcex_69efb42b8512c"><span class="vcex-heading-inner wpex-inline-block">VOLCAT UCI</span></h2><div class="vcex-spacing wpex-w-100 wpex-clear" style="height:20px;"></div>[vc_column_text color= »#ffffff »]<span style="font-size: 16px;">Une course UCI qui attribue des points pour le classement mondial, ce qui la rend très attrayante pour les meilleurs coureurs et équipes professionnels du monde et en même temps un défi pour les amateurs qui décident d&rsquo;y participer.</span>[/vc_column_text]<div class="vcex-spacing wpex-w-100 wpex-clear"></div>[/vc_column][vc_column width= »1/3&Prime;]<div class="vcex-spacing wpex-w-100 wpex-clear" style="height:20px;"></div><figure class="vcex-image vcex-module"><div class="vcex-image-inner wpex-relative wpex-inline-block"><img width="942" height="215" src="https://volcatbtt.com/wp-content/uploads/2026/03/uci-volcat-igualada.png" class="vcex-image-img wpex-align-middle" alt="" loading="lazy" decoding="async" srcset="https://volcatbtt.com/wp-content/uploads/2026/03/uci-volcat-igualada.png 942w, https://volcatbtt.com/wp-content/uploads/2026/03/uci-volcat-igualada-300x68.png 300w, https://volcatbtt.com/wp-content/uploads/2026/03/uci-volcat-igualada-768x175.png 768w" sizes="auto, (max-width: 942px) 100vw, 942px" /></div></figure>[/vc_column][/vc_row]
</div>

Programme 3-4.04.2026 *Programme sujet à changement* JEUDI 2 AVRIL A partir de 10.00h ouverture du paddock et du camping 12.00h - 19.00h Remise des dossards VENDREDI 3 AVRIL 08.00h Ouverture du bureau de course - Remise des dossards 10.00h Départ de la 1ère étape Volcat BTT (Scott Marathon Igualada) 13.30h Remise des prix 16.00h Remise&hellip;
